Let z = h + 80. Calculate the remainder when z is divided by o.
7
Suppose 0 = -2*h - u + 4, -2*u = -2*h - 9 + 1. What is the remainder when 21 + -16 + (0 - h) is divided by 4?
1
Suppose 0 = -5*t + 88 - 38. Let u(g) = 2*g**3 + 4*g**2 - 4*g - 15. Let a be u(-3). Let m = 58 + a. What is the remainder when m is divided by t?
7
Let m(n) = -28*n**2 - n + 1. Let k be m(-2). Let y = 201 + k. Calculate the remainder when y is divided by 24.
20
Suppose 4*m - 13 = t, t = 3*m - 3 - 5. What is the remainder when (-160)/(-6) - (-2)/(-3) is divided by t?
5
Suppose -3*d = c - 2*d + 19, 5*d = -2*c - 23. Let p = c - -26. Suppose -22 + 4 = -p*k. What is the remainder when 35 is divided by k?
8
What is the remainder when (-1 - 0)/((-9)/18) - -412 is divided by 26?
24
Suppose 2*s = 0, -2*s - 7 = -4*j + 5. Suppose 4*d + 2*z - 318 = -z, 4*z - 235 = -j*d. What is the remainder when d is divided by 21?
18
Suppose 3*q = -2*p + 116, 3*p = 2*q + 4*p - 78. What is the remainder when q is divided by ((-525)/(-75))/((-1)/(-2))?
12
Let v = 428 - 253. Suppose -4*q = 5*o - v, o + 0*o - 3 = 0. What is the remainder when q is divided by 6?
4
Let x(i) = i**2 + 8*i + 4. Let q be x(-16). Let p = q - 87. Calculate the remainder when p is divided by 23.
22
Suppose -2*k + 4 = -4. Let l = 73 - k. Calculate the remainder when l is divided by 35.
34
Suppose 21 + 81 = 3*f. What is the remainder when 65 is divided by f?
31
Let r(s) = s**3 - 59*s**2 + 59*s + 84. Calculate the remainder when r(58) is divided by 41.
19
Suppose 5*t - 4*m - 30 - 28 = 0, 0 = t - 5*m - 20. Let r = t + -10. Suppose r*j = -2*j + 20. What is the remainder when 19 is divided by j?
9
What is the remainder when 18 is divided by (-9)/(-2) - (-3 + 20/8)?
3
Suppose 2*j - v - 45 = 4*v, 4*j - 98 = 2*v. Suppose -36*p + 220 = -j*p. What is the remainder when 79 is divided by p?
19
Suppose 0 = h - 6*h + 400. Let q = -46 + h. Let b = -570 + 588. Calculate the remainder when q is divided by b.
16
Let p be (-98)/(-21) + (-10)/6. Suppose -13 = t - 5*f, 0 = -f + 2 + p. What is the remainder when 47 is divided by t?
11
Let a = -24 - -16. What is the remainder when (2 + 21/6)*2 is divided by 6/(-4)*(-12 - a)?
5
Let f = 0 + 2. Suppose -f*b + 47 + 171 = 0. What is the remainder when b is divided by 18 + 16 + (-12)/2?
25
Let b = 63 - 59. Suppose 2*p - 3 = -5*n - 12, 0 = -2*p - 4*n - b. Calculate the remainder when 12 is divided by p.
4
Let g = -99 - -99. Suppose -2*d + 9*d - 112 = g. Calculate the remainder when 206 is divided by d.
14
Suppose 0 = -4*c + 25*v - 23*v + 964, 0 = 2*c - 5*v - 482. Calculate the remainder when c is divided by 74.
19
Let t(q) = -q**3 + 7*q**2 - 8*q + 7. Let u(z) = -3*z - 26. Let p(v) = 2*v**2 + 21*v + 8. Let c be p(-9). Calculate the remainder when u(c) is divided by t(5).
14
Let s = 1798 - 1786. Calculate the remainder when 206 is divided by s.
2
Let v(r) = -r**3 + 7*r**2 - 29*r + 81. What is the remainder when 31 is divided by v(4)?
5
Suppose -3*o = 2*o. Let g(b) = 46 - b**2 + 2*b - 3*b + 0*b**2. What is the remainder when g(o) is divided by 12?
10
Suppose x - 2*c = 68, 0*x + 3*c - 177 = -3*x. What is the remainder when x is divided by 14?
6
Let o(z) = z**2 + 5*z + 3. Let t be o(-5). Suppose 4*a = h, -4*h - t*a + 60 = a. What is the remainder when h is divided by 4/26 - (-252)/52?
2
Let d(c) = -7*c**2 + 2*c + 2. Let f be d(-3). Let j = f + 71. Calculate the remainder when 8 is divided by j.
0
Let h(n) = n**3 + 26*n**2 - 161*n - 30. Calculate the remainder when h(-31) is divided by 20.
16
Let n(a) = -8*a**2 - 117*a - 53. What is the remainder when 29 is divided by n(-14)?
12
Let w(v) = 8*v + 27 - 48 + 26 - 2*v**2. Calculate the remainder when 10 is divided by w(4).
0
Suppose 3*f = -3*d + 450, 5*f - 22*d - 710 = -17*d. What is the remainder when f is divided by 9?
2
Suppose 4*q + 2*k - 248 = 0, -56 = -q - 3*k + k. Calculate the remainder when q is divided by 13.
12
Calculate the remainder when -4 - (837/(-9) + -3) is divided by 5.
2
Let r = -143 + 281. Calculate the remainder when r is divided by 25.
13
Suppose -2*n - n + 38 = 2*q, -16 = -q - 3*n. Let u = -13 + q. What is the remainder when u is divided by (6/(-30))/(2/(-30))?
0
Suppose -2*z - 5*z = -175. Let v = 8 - 0. What is the remainder when z is divided by (v - 15)*4/(-2)?
11
Let m = -214 - -226. Calculate the remainder when 95 is divided by m.
11
Suppose -3*z = 2*a - 98, 14*a - 110 = -3*z + 9*a. What is the remainder when 81 is divided by z?
21
Suppose 0 = -2*f - 2*f + 16. Let b(g) = -g**2 + 6*g + 3. Calculate the remainder when b(f) is divided by ((-16)/10)/(4/(-10)).
3
Let t(m) = 3*m**2 - 12*m - 14. What is the remainder when 32 is divided by t(6)?
10
Let o(p) = p**2 - 3*p + 42. Suppose 9 = 2*m - 2*x + x, 33 = 4*m - 5*x. Suppose 0 = 2*i + m*i - 36. What is the remainder when o(0) is divided by i?
6
Suppose -2*a - 16 = -4. Let t = a + 14. What is the remainder when 9 is divided by t?
1
Suppose 5*j = -2*x + 23, -3*x + 27 = -3*j + 8*j. Suppose -2*t - x = -3*u + 37, -5*u - 4*t = -39. Calculate the remainder when u is divided by 7.
4
Suppose -28*o = 5*p - 277, -2*p = -2*o + 3*o - 70. Let l = -7 + 71. Calculate the remainder when l is divided by p.
31
Suppose -150 - 768 = -17*n. What is the remainder when n is divided by 12?
6
Let s = 179 + 47. Let a(d) = -8*d + 57. Calculate the remainder when s is divided by a(0).
55
Let p be (-3 - (-15)/6)*-4. Calculate the remainder when 142 is divided by 0 - 1*(p + -4) - -27.
26
Suppose -11*n + 63 + 135 = 0. Suppose -n*u + 21*u = 807. Calculate the remainder when u is divided by 54.
53
Suppose -12 = 3*b, -4*g + b + 2*b + 32 = 0. Let x be (-15 + g)*(-24)/10. What is the remainder when 35 is divided by x + (-4 - -2) - 3?
16
Suppose -12*h - 108 = -396. Calculate the remainder when 132 is divided by h.
12
Let x(q) = -7*q**3 - 2*q**2 - 2*q - 1. Suppose -88 = -4*s + 3*b, 10*b - 9*b = s - 23. Calculate the remainder when s is divided by x(-1).
1
Let h = -571 - -649. What is the remainder when h is divided by 53?
25
Let r(b) = 5*b + 23. Let s = -63 + 77. What is the remainder when r(s) is divided by 16?
13
Let x = 1822 + -1139. What is the remainder when x is divided by 98?
95
Let s(l) = -l**2 + 34*l - 125. What is the remainder when 110 is divided by s(28)?
24
Suppose 3*u - 4*i = -27, -33 = 4*u - 4*i + 3. Let y(o) = 8*o - 11. Let a(t) = -t. Let l(h) = -5*a(h) - y(h). What is the remainder when l(u) is divided by 10?
8
Suppose -2*k - 3*a + 8 = a, -k = -a - 10. What is the remainder when (20/14)/((-6)/(-126)*1) is divided by k?
6
Let s(g) = -g**3 - 13*g**2 - 28*g - 42. What is the remainder when 620 is divided by s(-11)?
20
Calculate the remainder when 2/(((-10)/35)/(30/(-14))) is divided by (-5)/(-2)*24/15.
3
Suppose -2*u - 138 = 4*r - 6*r, -126 = -2*r - 2*u. What is the remainder when r is divided by 4?
2
Let u(m) = m + 15. Let i be u(-20). Calculate the remainder when 5 is divided by (i + (2 - 1))/(-2).
1
Let h(p) = -2 + p**3 + 1 - 3 + 2*p. Calculate the remainder when 38 is divided by h(2).
6
Suppose x - 4 = -1. Suppose 2*c - 1 = c. Calculate the remainder when 26 is divided by (14/6)/(c/x).
5
Let r be (-1)/(-6) + 1486/12. Let d = 225 - r. What is the remainder when d is divided by 26?
23
Suppose -x - 4*w = -15, 41*x - 36*x - 135 = -5*w. Calculate the remainder when 212 is divided by x.
26
What is the remainder when 232 is divided by (-186)/(-14) + (20/14)/(-5)?
11
Let k = 6 + 10. Suppose 0*h - k = -4*h. Suppose 33 = 2*u + i - 20, h*u - 99 = 5*i. What is the remainder when u is divided by 14?
12
Let f(v) = -5*v - 2. Let u = -8 - 5. Calculate the remainder when f(u) is divided by 13.
11
Suppose 0*a - 26 = -a + 4*t, -5*a - 4*t + 58 = 0. Suppose -21 = -7*j + a. Calculate the remainder when -2 + 3/((-6)/(-32)) is divided by j.
4
Suppose 0 + 2 = -2*u, -35 = -4*m - 5*u. Suppose 10 = 2*d - m. Suppose k + 4*a + 0*a = 29, -2*k + 84 = -5*a. Calculate the remainder when k is divided by d.
7
Suppose 16*g - 7038 = -g. Suppose b - g = -2*b. Calculate the remainder when b is divided by 47.
44
Let a(m) = -3*m**2 - 28*m - 7. Let j be a(-9). Suppose j*i + 182 = 2*k, -k - 3*i - 2*i = -73. What is the remainder when k is divided by 15?
13
Let o(v) = 7*v**2 - 9. What is the remainder when 213 is divided by o(-3)?
51
Suppose n - 9*m = -11*